{"id":4750,"date":"2019-04-09T10:21:30","date_gmt":"2019-04-09T10:21:30","guid":{"rendered":"https:\/\/www.mercasystems.com\/palomas_blog\/?page_id=4750"},"modified":"2021-06-18T07:08:21","modified_gmt":"2021-06-18T07:08:21","slug":"vip-landing-jorge-3-3","status":"publish","type":"page","link":"https:\/\/www.mercasystems.com\/palomas_blog\/?page_id=4750","title":{"rendered":"Landing Campeones Bird ES"},"content":{"rendered":"<p><a href=\"https:\/\/palomas.mercasystems.com\/index.php\/contacts\/\" rel=\"nofollow\"><\/a><\/p>\n<p style=\"line-height: 30px; padding-top: 0px !important; margin-left: 0px !important; margin-top: 0px !important; margin-bottom: 0px !important;\"><span style=\"font-size: 22px;\"><\/span><\/p>\n<p style=\"line-height: 30px; padding-top: 0px !important; margin-left: 0px !important; margin-top: 0px !important; margin-bottom: 0px !important;\"><span style=\"font-size: 22px;\"><\/span><\/p>\n<p><span><a href=\"https:\/\/pajaros.mercasystems.com\/index.php\/\"><img loading=\"lazy\" src=\"https:\/\/i0.wp.com\/www.mercasystems.com\/palomas_blog\/wp-content\/uploads\/2017\/06\/logo-2-300x66.png?resize=250%2C55\" style=\"\" width=\"250\" height=\"55\" data-attachment-id=\"1384\" scale=\"0\" data-recalc-dims=\"1\"><\/a><\/span><\/p>\n<p style=\"color: rgb(102, 102, 102); font-size: 20px; margin-top: 20px; margin-bottom: 0px; text-align: right;\"><span style=\"font-size: 15px;\"><span>\u203a &nbsp;\ufeff<\/span><\/span><a href=\"https:\/\/pajaros.mercasystems.com\/index.php\/customer-service\/\" target=\"_blank\" rel=\"noopener\"><span style=\"font-size: 15px;\"><span>Contacto\ufeff<\/span><\/span><\/a><span style=\"font-size: 15px;\"><span> &nbsp;\ufeff &nbsp;\u203a\ufeff &nbsp;\ufeff<a href=\"https:\/\/pajaros.mercasystems.com\/index.php\/\" target=\"_blank\" rel=\"noopener\">Home<\/a><\/span><\/span><\/p>\n<p style=\"font-size: 22px; margin-top: 0px !important;\"><span><span><span><span><span style=\"color: rgb(30, 48, 227);\">Programa<\/span>&nbsp;<\/span><\/span><\/span><\/span><span><span><span>Aprende de los Grandes Campeones<\/span><\/span><\/span><\/p>\n<p style=\"text-align: center;\">Secretos y t\u00e9cnicas que utilizan los grandes criadores de p\u00e1jaros para que t\u00fa tambi\u00e9n los pongas en pr\u00e1ctica.<\/p>\n<p style=\"padding-right: 0px !important; margin-right: 30px !important; margin-top: -10px !important; text-align: left;\"><span style=\"font-size: 30px;\">Para conseguirlo necesitar\u00e1s:<\/span><span><strong><\/strong><\/span><span><span><span><span style=\"color: rgb(14, 26, 220);\">\u200b<\/span><span style=\"color: rgb(14, 26, 220);\">\u2713<\/span>&nbsp; Una buena planificaci\u00f3n, <\/span><\/span><\/span><span>(realista, que puedas llevarla a la pr\u00e1ctica)<\/span><\/p>\n<p style=\"padding-right: 0px !important; margin-right: 30px !important; margin-top: -10px !important; text-align: left;\"><span><span><span style=\"color: rgb(14, 26, 220);\">\u2713<\/span>&nbsp; Un m\u00e9todo sistem\u00e1tico <\/span><\/span><span>que puedas poner en pr\u00e1ctica cada d\u00eda (sencillo pero eficaz)<\/span><\/p>\n<p style=\"padding-right: 0px !important; margin-right: 30px !important; margin-top: -10px !important; text-align: left;\"><span><span><span style=\"color: rgb(14, 26, 220);\">\u2713<\/span><span>&nbsp;<\/span> Conocer las t\u00e9cnicas <\/span><\/span><span>que utilizan los que s\u00ed consiguen ganar una y otra vez ( para que t\u00fa tambi\u00e9n las pongas en pr\u00e1ctica.<\/span><\/p>\n<p><span><img loading=\"lazy\" alt=\"\" style=\"\" src=\"https:\/\/i0.wp.com\/www.mercasystems.com\/palomas_blog\/wp-content\/uploads\/2017\/06\/flecha.png?resize=32%2C76\" width=\"32\" height=\"76\" data-attachment-id=\"1489\" scale=\"0\" data-recalc-dims=\"1\"><\/span><span><img loading=\"lazy\" alt=\"\" style=\"\" src=\"https:\/\/i0.wp.com\/www.mercasystems.com\/palomas_blog\/wp-content\/uploads\/2017\/06\/logo-1.png?resize=42%2C33\" width=\"42\" height=\"33\" data-attachment-id=\"1379\" scale=\"0\" data-recalc-dims=\"1\"><\/span><\/p>\n<p style=\"font-size: 16px;color: #999;margin-top: 0;margin-bottom: 0;\">Mercasystems.com &#8211; All rights Reserved | <a href=\"https:\/\/palomas.mercasystems.com\/index.php\/contacts\/\">Contacto<\/a><\/p>\n","protected":false},"excerpt":{"rendered":"<p>\u203a &nbsp;\ufeffContacto\ufeff &nbsp;\ufeff &nbsp;\u203a\ufeff &nbsp;\ufeffHome Programa&nbsp;Aprende de los Grandes Campeones Secretos y t\u00e9cnicas que utilizan los grandes criadores de p\u00e1jaros para que t\u00fa tambi\u00e9n los pongas en pr\u00e1ctica. Para conseguirlo necesitar\u00e1s:\u200b\u2713&nbsp; Una buena planificaci\u00f3n, (realista, que puedas llevarla a la &hellip; <a href=\"https:\/\/www.mercasystems.com\/palomas_blog\/?page_id=4750\">Sigue leyendo <span class=\"meta-nav\">&rarr;<\/span><\/a><\/p>\n","protected":false},"author":2,"featured_media":0,"parent":0,"menu_order":0,"comment_status":"closed","ping_status":"closed","template":"","meta":{"jetpack_post_was_ever_published":false},"yoast_head":"<!-- This site is optimized with the Yoast SEO plugin v19.8 - https:\/\/yoast.com\/wordpress\/plugins\/seo\/ -->\n<title>Landing Campeones Bird ES - Mercasystems.com Blog<\/title>\n<meta name=\"robots\" content=\"index, follow, max-snippet:-1, max-image-preview:large, max-video-preview:-1\" \/>\n<link rel=\"canonical\" href=\"https:\/\/www.mercasystems.com\/palomas_blog\/?page_id=4750\" \/>\n<meta property=\"og:locale\" content=\"es_ES\" \/>\n<meta property=\"og:type\" content=\"article\" \/>\n<meta property=\"og:title\" content=\"Landing Campeones Bird ES - Mercasystems.com Blog\" \/>\n<meta property=\"og:description\" content=\"\u203a &nbsp;\ufeffContacto\ufeff &nbsp;\ufeff &nbsp;\u203a\ufeff &nbsp;\ufeffHome Programa&nbsp;Aprende de los Grandes Campeones Secretos y t\u00e9cnicas que utilizan los grandes criadores de p\u00e1jaros para que t\u00fa tambi\u00e9n los pongas en pr\u00e1ctica. Para conseguirlo necesitar\u00e1s:\u200b\u2713&nbsp; Una buena planificaci\u00f3n, (realista, que puedas llevarla a la &hellip; Sigue leyendo &rarr;\" \/>\n<meta property=\"og:url\" content=\"https:\/\/www.mercasystems.com\/palomas_blog\/?page_id=4750\" \/>\n<meta property=\"og:site_name\" content=\"Mercasystems.com Blog\" \/>\n<meta property=\"article:modified_time\" content=\"2021-06-18T07:08:21+00:00\" \/>\n<meta name=\"twitter:card\" content=\"summary_large_image\" \/>\n<meta name=\"twitter:label1\" content=\"Tiempo de lectura\" \/>\n\t<meta name=\"twitter:data1\" content=\"1 minuto\" \/>\n<script type=\"application\/ld+json\" class=\"yoast-schema-graph\">{\"@context\":\"https:\/\/schema.org\",\"@graph\":[{\"@type\":\"WebPage\",\"@id\":\"https:\/\/www.mercasystems.com\/palomas_blog\/?page_id=4750\",\"url\":\"https:\/\/www.mercasystems.com\/palomas_blog\/?page_id=4750\",\"name\":\"Landing Campeones Bird ES - Mercasystems.com Blog\",\"isPartOf\":{\"@id\":\"https:\/\/www.mercasystems.com\/palomas_blog\/#website\"},\"datePublished\":\"2019-04-09T10:21:30+00:00\",\"dateModified\":\"2021-06-18T07:08:21+00:00\",\"breadcrumb\":{\"@id\":\"https:\/\/www.mercasystems.com\/palomas_blog\/?page_id=4750#breadcrumb\"},\"inLanguage\":\"es\",\"potentialAction\":[{\"@type\":\"ReadAction\",\"target\":[\"https:\/\/www.mercasystems.com\/palomas_blog\/?page_id=4750\"]}]},{\"@type\":\"BreadcrumbList\",\"@id\":\"https:\/\/www.mercasystems.com\/palomas_blog\/?page_id=4750#breadcrumb\",\"itemListElement\":[{\"@type\":\"ListItem\",\"position\":1,\"name\":\"Portada\",\"item\":\"https:\/\/www.mercasystems.com\/palomas_blog\"},{\"@type\":\"ListItem\",\"position\":2,\"name\":\"Landing Campeones Bird ES\"}]},{\"@type\":\"WebSite\",\"@id\":\"https:\/\/www.mercasystems.com\/palomas_blog\/#website\",\"url\":\"https:\/\/www.mercasystems.com\/palomas_blog\/\",\"name\":\"Mercasystems.com Blog\",\"description\":\"Toda la informaci\u00f3n que necesitas saber sobre tus palomas y p\u00e1jaros\",\"potentialAction\":[{\"@type\":\"SearchAction\",\"target\":{\"@type\":\"EntryPoint\",\"urlTemplate\":\"https:\/\/www.mercasystems.com\/palomas_blog\/?s={search_term_string}\"},\"query-input\":\"required name=search_term_string\"}],\"inLanguage\":\"es\"}]}<\/script>\n<!-- \/ Yoast SEO plugin. -->","yoast_head_json":{"title":"Landing Campeones Bird ES - Mercasystems.com Blog","robots":{"index":"index","follow":"follow","max-snippet":"max-snippet:-1","max-image-preview":"max-image-preview:large","max-video-preview":"max-video-preview:-1"},"canonical":"https:\/\/www.mercasystems.com\/palomas_blog\/?page_id=4750","og_locale":"es_ES","og_type":"article","og_title":"Landing Campeones Bird ES - Mercasystems.com Blog","og_description":"\u203a &nbsp;\ufeffContacto\ufeff &nbsp;\ufeff &nbsp;\u203a\ufeff &nbsp;\ufeffHome Programa&nbsp;Aprende de los Grandes Campeones Secretos y t\u00e9cnicas que utilizan los grandes criadores de p\u00e1jaros para que t\u00fa tambi\u00e9n los pongas en pr\u00e1ctica. Para conseguirlo necesitar\u00e1s:\u200b\u2713&nbsp; Una buena planificaci\u00f3n, (realista, que puedas llevarla a la &hellip; Sigue leyendo &rarr;","og_url":"https:\/\/www.mercasystems.com\/palomas_blog\/?page_id=4750","og_site_name":"Mercasystems.com Blog","article_modified_time":"2021-06-18T07:08:21+00:00","twitter_card":"summary_large_image","twitter_misc":{"Tiempo de lectura":"1 minuto"},"schema":{"@context":"https:\/\/schema.org","@graph":[{"@type":"WebPage","@id":"https:\/\/www.mercasystems.com\/palomas_blog\/?page_id=4750","url":"https:\/\/www.mercasystems.com\/palomas_blog\/?page_id=4750","name":"Landing Campeones Bird ES - Mercasystems.com Blog","isPartOf":{"@id":"https:\/\/www.mercasystems.com\/palomas_blog\/#website"},"datePublished":"2019-04-09T10:21:30+00:00","dateModified":"2021-06-18T07:08:21+00:00","breadcrumb":{"@id":"https:\/\/www.mercasystems.com\/palomas_blog\/?page_id=4750#breadcrumb"},"inLanguage":"es","potentialAction":[{"@type":"ReadAction","target":["https:\/\/www.mercasystems.com\/palomas_blog\/?page_id=4750"]}]},{"@type":"BreadcrumbList","@id":"https:\/\/www.mercasystems.com\/palomas_blog\/?page_id=4750#breadcrumb","itemListElement":[{"@type":"ListItem","position":1,"name":"Portada","item":"https:\/\/www.mercasystems.com\/palomas_blog"},{"@type":"ListItem","position":2,"name":"Landing Campeones Bird ES"}]},{"@type":"WebSite","@id":"https:\/\/www.mercasystems.com\/palomas_blog\/#website","url":"https:\/\/www.mercasystems.com\/palomas_blog\/","name":"Mercasystems.com Blog","description":"Toda la informaci\u00f3n que necesitas saber sobre tus palomas y p\u00e1jaros","potentialAction":[{"@type":"SearchAction","target":{"@type":"EntryPoint","urlTemplate":"https:\/\/www.mercasystems.com\/palomas_blog\/?s={search_term_string}"},"query-input":"required name=search_term_string"}],"inLanguage":"es"}]}},"jetpack_sharing_enabled":true,"jetpack_shortlink":"https:\/\/wp.me\/P7JqRk-1eC","jetpack-related-posts":[{"id":4823,"url":"https:\/\/www.mercasystems.com\/palomas_blog\/?page_id=4823","url_meta":{"origin":4750,"position":0},"title":"Landing Campeones Bird US-ES","date":"15 mayo, 2019","format":false,"excerpt":"\u203a \u00a0\ufeffContacto\ufeff \u00a0\ufeff \u00a0\u203a\ufeff \u00a0\ufeffHomePrograma\u00a0Aprende de los Grandes CampeonesSecretos y t\u00e9cnicas que utilizan los grandes criadores de p\u00e1jaros para que t\u00fa tambi\u00e9n los pongas en pr\u00e1ctica.Para conseguirlo necesitar\u00e1s:\u200b\u2713\u00a0 Una buena planificaci\u00f3n, (realista, que puedas llevarla a la pr\u00e1ctica)\u2713\u00a0 Un m\u00e9todo sistem\u00e1tico que puedas poner en pr\u00e1ctica cada d\u00eda (sencillo pero\u2026","rel":"","context":"Entrada similar","img":{"alt_text":"","src":"","width":0,"height":0},"classes":[]},{"id":4594,"url":"https:\/\/www.mercasystems.com\/palomas_blog\/?page_id=4594","url_meta":{"origin":4750,"position":1},"title":"Landing Campeones ES","date":"1 febrero, 2019","format":false,"excerpt":"\u203a \u00a0\ufeffContacto\ufeff\u00a0\u00a0\ufeff\u00a0\u00a0\u203a\ufeff \u00a0\ufeffHomePrograma\u00a0Aprende de los Grandes CampeonesLograr que tus palomas vuelen M\u00c1S R\u00c1PIDO y durante M\u00c1S TIEMPO es la clave para llegar a lo m\u00e1s alto.Para conseguirlo necesitar\u00e1s:\u200b\u2713\u00a0 Una buena planificaci\u00f3n, (realista, que puedas llevarla a la pr\u00e1ctica)\u00a0 \u00a0\u2713\u00a0 Un m\u00e9todo sistem\u00e1tico que puedas poner en pr\u00e1ctica cada d\u00eda (sencillo\u2026","rel":"","context":"Entrada similar","img":{"alt_text":"","src":"","width":0,"height":0},"classes":[]},{"id":4801,"url":"https:\/\/www.mercasystems.com\/palomas_blog\/?page_id=4801","url_meta":{"origin":4750,"position":2},"title":"Landing Campeones Bird PT","date":"13 mayo, 2019","format":false,"excerpt":"\u203a \u00a0\ufeffContacto\ufeff \u00a0\ufeff \u00a0\u203a\ufeff \u00a0\ufeffHomePrograma\u00a0Aprender com os Grandes Campe\u00f5esSegredos e T\u00e9cnicas que utilizam os grandes criadores de p\u00e1ssaros, para que tamb\u00e9m os possa por em pr\u00e1ticaPara o conseguir \u00e9 necess\u00e1rio:\u2713\u00a0 Uma boa planifica\u00e7\u00e3o,\u00a0(realista, que possa por em pr\u00e1tica).\u2713\u00a0 Un m\u00e9todo sistem\u00e1tico\u00a0que possa por em pr\u00e1tica diariamente (simples e eficaz).\u2713\u00a0 Conhecer\u2026","rel":"","context":"Entrada similar","img":{"alt_text":"","src":"","width":0,"height":0},"classes":[]},{"id":3522,"url":"https:\/\/www.mercasystems.com\/palomas_blog\/?page_id=3522","url_meta":{"origin":4750,"position":3},"title":"Programa Campeones es","date":"3 mayo, 2018","format":false,"excerpt":"PROGRAMA\u00a0\"Aprende de los grandes campeones\"Para conseguir que tus palomas vuelen m\u00e1s r\u00e1pido y durante m\u00e1s tiempo, necesitas:Un m\u00e9todo sistem\u00e1tico\u00a0que puedas poner en pr\u00e1ctica cada d\u00eda (sencillo pero eficaz)\u00a0Conocer las t\u00e9cnicas\u00a0que utilizan los que s\u00ed consiguen ganar una y otra vez (para que t\u00fa tambi\u00e9n las pongas en pr\u00e1ctica).\u00a0Una buena planificaci\u00f3n\u00a0(realista,\u2026","rel":"","context":"Entrada similar","img":{"alt_text":"","src":"","width":0,"height":0},"classes":[]},{"id":4872,"url":"https:\/\/www.mercasystems.com\/palomas_blog\/?page_id=4872","url_meta":{"origin":4750,"position":4},"title":"Landing Campeones Bird EN","date":"21 mayo, 2019","format":false,"excerpt":"\u203a \u00a0\ufeffContact \u00a0\ufeff \u00a0\u203a\ufeff \u00a0\ufeffHomeLearn from the Great Champions ProgramSecrets and techniques that big bird breeders use, so you can put it into practice.To succeed, you will need:\u2713\u00a0 Good planning,\u00a0(realistic, that you can put it into practice)\u2713\u00a0 A systematic method\u00a0that you can put into practice every day (simple but effective)\u2713\u00a0\u2026","rel":"","context":"Entrada similar","img":{"alt_text":"","src":"","width":0,"height":0},"classes":[]},{"id":4914,"url":"https:\/\/www.mercasystems.com\/palomas_blog\/?page_id=4914","url_meta":{"origin":4750,"position":5},"title":"Landing Campeones Bird US-EN","date":"22 mayo, 2019","format":false,"excerpt":"\u203a \u00a0\ufeffContact \u00a0\ufeff \u00a0\u203a\ufeff \u00a0\ufeffHomeLearn from the Great Champions ProgramSecrets and techniques that big bird breeders use, so you can put it into practice.To succeed, you will need:\u2713\u00a0 Good planning,\u00a0(realistic, that you can put it into practice)\u2713\u00a0 A systematic method\u00a0that you can put into practice every day (simple but effective)\u2713\u00a0\u2026","rel":"","context":"Entrada similar","img":{"alt_text":"","src":"","width":0,"height":0},"classes":[]}],"_links":{"self":[{"href":"https:\/\/www.mercasystems.com\/palomas_blog\/index.php?rest_route=\/wp\/v2\/pages\/4750"}],"collection":[{"href":"https:\/\/www.mercasystems.com\/palomas_blog\/index.php?rest_route=\/wp\/v2\/pages"}],"about":[{"href":"https:\/\/www.mercasystems.com\/palomas_blog\/index.php?rest_route=\/wp\/v2\/types\/page"}],"author":[{"embeddable":true,"href":"https:\/\/www.mercasystems.com\/palomas_blog\/index.php?rest_route=\/wp\/v2\/users\/2"}],"replies":[{"embeddable":true,"href":"https:\/\/www.mercasystems.com\/palomas_blog\/index.php?rest_route=%2Fwp%2Fv2%2Fcomments&post=4750"}],"version-history":[{"count":14,"href":"https:\/\/www.mercasystems.com\/palomas_blog\/index.php?rest_route=\/wp\/v2\/pages\/4750\/revisions"}],"predecessor-version":[{"id":5734,"href":"https:\/\/www.mercasystems.com\/palomas_blog\/index.php?rest_route=\/wp\/v2\/pages\/4750\/revisions\/5734"}],"wp:attachment":[{"href":"https:\/\/www.mercasystems.com\/palomas_blog\/index.php?rest_route=%2Fwp%2Fv2%2Fmedia&parent=4750"}],"curies":[{"name":"wp","href":"https:\/\/api.w.org\/{rel}","templated":true}]}}